
13
Evaluate (35 - 9) + -10 - (1 - -4).
11
14 + (-20 - -11) - -7
12
What is (4 + 0 - 0) + 1 + (-14 - -7)?
-2
Calculate 8 - ((79 - 73) + (-1 - 0)) - 0.
3
-18 - (-20 + 1 - (-8 + 42))
35
What is 17 - (-12 + 31 - 9)?
7
What is (509 - 490) + (1 - (1 + 11))?
8
What is -1 - ((-13 - (-22 - -10)) + -9)?
9
Calculate 10 + 2 + (-7 - -2) + -8.
-1
(4 - 2) + -6 - -1 - -2 - 0
-1
What is -300 + 272 + (8 - ((1 - 2) + 2))?
-21
What is the value of (-4 - -16 - 23) + 1?
-10
-58 + 51 - (-1 + -10)
4
What is the value of 1 + -21 + 6 + -12 - -10?
-16
-1 + 2 - (-794 - -811)
-16
What is the value of (-2 - -11) + -35 - -1?
-25
(33 - (19 - -73)) + 31
-28
What is 1 + -29 - (-78 - -61)?
-11
What is the value of ((2 - 12) + 4 - -2) + 8?
4
What is the value of -14 + (5 - 13) + 17 - 6?
-11
Calculate 72 - 65 - (2 - 0).
5
Evaluate 2 + 0 + -1 + 6 + -21 + 18.
4
(3 - 0) + 2 + (24 - 30)
-1
Evaluate -15 - -7 - (29 - (5 - 4)).
-36
Calculate 14 - 20 - -6 - -16 - 19.
-3
Evaluate (-95 - -56 - (-4 + 0)) + 5 + -4.
-34
Calculate (3 - 16) + -30 + 25 + (-1 - -10).
-9
8 - (9 - (-10 - -9))
-2
What is (-11 + -4 + -4 - 0) + 10?
-9
Calculate 2 - -11 - (0 + -1 - -4).
10
What is the value of (2 - (-10 - -14) - -6 - -3) + 6?
13
Evaluate (144 - 148) + (0 - 2) + -4.
-10
Calculate -5 - (-5 + 7 - 13 - (2 - 7)).
1
What is the value of -2 - (1 - 18) - (36 - 39)?
18
What is -23 + 55 + -11 - ((2 - 1) + 1)?
19
What is 0 + (-15 - -45 - 8) - 15?
7
Evaluate -4 - (17 - (63 - 9) - -18).
15
-14 + -60 + (129 - 90)
-35
What is the value of 44 + -18 + -6 + 6?
26
1812 + -1818 + 1 + -2 + 7
0
8 + -10 + (-2 - 5)
-9
What is the value of -1 - -9 - 4 - (-3 + (-1 - 4))?
12
Evaluate -16 + 3 - (-10 - 9).
6
What is (-16 + 23 - 6) + 6?
7
What is -24 + (50 + 3 - 21)?
8
What is the value of 16 + (-3 - 10) + 0?
3
Evaluate -19 - -35 - (43 + 16 + -21).
-22
Evaluate -15 + 3 - (-97 + 125).
-40
What is 0 + -11 - (7 + (-4 - 0) + -6)?
-8
What is the value of -1 + 13 + -27 + -9?
-24
Calculate (-1 - 8) + 17 + 3.
11
Evaluate (5 - 4) + -13 + -91 + 130.
27
Calculate 4 + 1 - (16 + -24 - -12).
1
What is (-311 - -296) + (0 - (2 - 2))?
-15
(2 - -4) + (-3 - (10 + -16))
9
-16 - (27 + (-17 - 43))
17
(12 - 19) + -7 - (-2 - 0)
-12
Calculate 16 + -13 + -8 - -16.
11
Evaluate -9 - (-8 - (4 + (-8 - -4) + -3)).
-4
Evaluate -14 + (6 - (6 + -2) - -4).
-8
What is (37 - (-4 - (-1 - 9))) + (1 - 3)?
29
Evaluate 17 - (-3 + (0 - -3) + (9 - 6)).
14
Evaluate (2 - -7) + -3 - 13.
-7
What is (-1 - 2 - 2) + (-23 - -30)?
2
What is (-28 - -1) + 3 + 29 + -24?
-19
What is 7 - ((-4 - 15) + 16)?
10
What is the value of -11 - ((-11 - 4) + 22)?
-18
-11 - 11 - (5 - 19)
-8
Calculate 15 - 0 - (13 + -4 + -9).
15
What is the value of 5 + (27 - 26 - (4 + 1 + 0))?
1
What is (-15 - -2) + -7 + -9 + 27?
-2
What is (112 - 112) + (-12 - 1 - 4)?
-17
What is (27 - (-8 + (-16 + 7 - -26))) + 6?
24
What is the value of (-6 - (-3 - -3)) + (2 - (-1 + -9))?
6
What is the value of 4 - 14 - -17 - (-4 + -8 + 5)?
14
-13 + 39 - 1 - 25
0
What is 32 + -26 + -48 + 20?
-22
Evaluate 30 - 46 - (-11 + 1).
-6
Calculate (-7 - (18 + -23) - (-15 + -1)) + 6.
20
Calculate (1 - -18) + 6 - 21 - (-2 + -7).
13
Calculate -12 + (1 - -1 - -12).
2
What is the value of -1 - (-1 + 4) - (0 + 4 + 11)?
-19
What is 4 - -3 - (-14 - -5 - -3)?
13
What is -12 + -5 + 12 + -6 + 36?
25
16 + (10 - -3) + (-19 - -3)
13
What is 1 - (-6 + -7 + 12)?
2
-50 + 29 - -17 - -5
1
Evaluate -3 + -1 + (-18 - (-45 - -6)).
17
Evaluate -29 + 7 + -7 - -18 - 4.
-15
-3 + -2 - (-4 - (-1 - -2)) - 2
-2
What is -4 - ((-9 + 4 - -3) + -4)?
2
What is the value of 122 + -108 - (-7 + 1)?
20
Calculate -15 + -6 + -2 + 11.
-12
Evaluate (-1 - -24) + (15 - 51).
-13
Evaluate 3 + 5 + -26 - (-8 - (-5 - 0)).
-15
(-2 - -4) + (6 - (-1 + -1)) - 0
10
Calculate 29 + -8 + -7 + -19.
-5
(-4 - (12 - 10)) + (0 - -2)
-4
What is 23 + -3 + -4 + -53 + 17?
-20
(3 - (-8 + (10 - 2))) + -15
-12
Evaluate (-8 - (14 - (13 + 17))) + -1.
7
7 - (4 - (-4 + -3 + 1))
-3
What is 0 + -16 + (-6 - -18) + 3 + -4?
-5
12 - -4 - (15 + -16)
17
What is the value of 4 + (-11 - -10 - (9 - -1)) + 13?
6
-7 - -4 - (-8 - 1) - 12
-6
What is (17 - (-4 - (16 + -21))) + -3?
13
Evaluate 3 + 35 + (-45 - -21).
14
-5 + (-18 - -4 - -24)
5
What is -11 - (-6 - -10 - (0 - -3))?
-12
Calculate (-26 - (-10 + 1)) + 15 + -2.
-4
-34 - (-80 + 38 + 5)
3
19 + 1 - (-1 + -9 + 18)
12
Evaluate -5 + -2 - (4 + 0 + -2 - 3).
-6
3 + (-64 + 65 - ((-2 - -3) + -13))
16
Calculate -30 + (-41 - -55) + 16.
0
What is the value of (43 - -28 - 70) + (3 - 1) + 1?
4
-4 + ((7 - -1) + -4 - -3) - -10
13
What is -5 - ((2 + 7 - 4) + -5 + 3)?
-8
6 - (-6 - (4 - (4 - -24)))
-12
Evaluate (-15 - -3) + 3 + (63 - 66).
-12
Evaluate (1 - -26) + -1 + (76 - (-1 + 86)).
17
Evaluate -6 + 6 + 2 + 6.
8
Calculate 21 + -13 - (0 - -4 - 5).
9
Calculate (-4 + 0 - ((13 - 38) + 22)) + 25.
24
What is the value of (468 - 452) + (8 - (0 - 3))?
27
14 + -22 + (2 - -1) + (-10 - -13)
-2
Calculate 1 + 38 + 39 + -57.
21
What is -5 - 4 - -5 - (46 - 33)?
-17
What is the value of -6 - (-2 - -4) - (-16 + 53 + -29)?
-16
(12 - 11) + 16 - (14 + -6 + -4)
13
Evaluate 2 - ((-2 - (-2 - -3)) + 2).
3
Calculate -5 - (9 - (7 - 9 - (-2 - 6))).
-8
(-11 - (-5 + -32)) + -60
-34
Calculate 82 + -76 - (-3 + 1 + 1).
7
What is 2 + (-17 + -1 - -1 - (382 + -388))?
-9
Calculate -24 + 27 - (11 + -4) - 7 - 16.
-27
What is the value of 4 + 4 + -5 + -3?
0
What is the value of -103 + 71 + 42 + -8?
2
Evaluate 1 + -13 + (-3 - -8).
-7
What is the value of (8 - 9 - (-2 - 5)) + 5?
11
Evaluate (15 - 5) + -43 - -22.
-11
Evaluate (1 + 4 + 6 - -2) + 3.
16
-26 + (11 - 29 - 9) + 17
-36
6 + -2 + 19 - (3 - -1)
19
-26 + -8 + 9 + 27
2
-3 + (-19 - -9) - 0 - -4
-9
What is 59 + (-34 - -12) + -7?
30
Evaluate -6 - (11 - (-15 + 18)).
-14
12 + (5 - 7) + (6 - (7 + -3))
12
What is the value of 0 + 2 + 1 - (-10 + 20)?
-7
What is the value of -2 + (-2 - -2) - (28 - (28 + -5))?
-7
Evaluate 6 + -15 + 15 + -16.
-10
What is -4 + (5 + -5 - 2) - (-19 + 7)?
6
-62 - -59 - (-1 - 2 - -11)
-11
(5 - 3) + -3 + -26 + 7 + 6
-14
-57 + 63 - (-3 + (-1 - 3))
13
Evaluate 1 - 14 - (17 + 1 + -21).
-10
What is -2 + 0 - (-76 - -72)?
2
Calculate 20 - 0 - (-59 - -64).
15
What is -2 - -19 - 1 - (31 - 12 - 8)?
5
Evaluate -1 + (-1 + 3 + (-7 - 2) - -18).
10
Evaluate 8 - (-1 - -5) - -1 - 0.
5
Evaluate -1 + -23 + 23 - -18.
17
-12 - (9 - 19) - (4 - (-7 + 4))
-9
What is the value of -335 + 327 - (0 + -2 - 22)?
16
Calculate (15 - ((-9 - 0) + 18)) + -3 - 10.
-7
What is 12 + (11 - 4) + (0 - (10 + -9))?
18
-40 + (-24 - (2 - 36))
-30
Calculate 28 + (2 + -16 - 2).
12
Calculate 3 - (9 + -5 - 11).
10
Calculate -9 - (-2 + (12 - (4 - (0 - 1)))).
-14
18 + -17 + (-4 - (1 + 3 + -2))
-5
Evaluate 4 + 3 + -3 + (18 - 21).
1
What is the value of -16 + -2 + 4 + (3 - (-28 + 25))?
-8
Evaluate 14 - 4 - (-5 - -6).
9
Calculate -7 + 23 + 4 - (6 + (-4 - -1)).
17
Calculate 54 + -29 + -59 + 45.
11
2 - 17 - (391 - 405)
-1
2 - 27 - ((3 - -13) + -26)
-15
(0 - (1 - -26)) + 2 - (-27 - -28)
-26
What is the value of (-1 + 0 - 2) + (-537 - -525)?
-15
Calculate 10 - ((-2 - -7) + (-30 - -25)).
10
Calculate -26 + (-9 - -4 - (-45 + 24)).
-10
What is the value of -2 + 1 + (-24 + 0 - -15)?
-10
Evaluate -19 - -2 - ((-108 - -112) + 6 + -3).
-24
Calculate -8 - (-21 + -7 + 23).
-3
What is the value of -8 - (9 - (-6 - -31))?
8
Calculate 2 + -3 - (-10 - ((-6 - 2) + 5)).
6
What is the value of 1 - -3 - (334 - 342)?
12
-67 - -56 - (6 + 0)
-17
2 - -3 - ((20 - 17) + 4) - -10
8
What is 2 - (-11 - -8) - (1 + 1 + 14)?
-11
Calculate 0 + (2 - (-8 - (-4 + (-3 - -11)))).
14
28 + -12 + -18 - (11 + 4)
-17
(10 - (5 - -15)) + (-3 - -2 - -1)
-10
What is the value of 1 - (2 + 19 - (-47 + 50))?
-17
Evaluate -16 + ((-1 - -1) + -3 - (-6 + 0)).
-13
Calculate 8 + -13 + -9 - -6.
-8
5 + (8 - ((9 - 3) + -15)) + -9
13
22 + -9 + 18 - 17
14
Calculate -6 + 3 - -4 - (-10 + (-21 - -22)).
10
-28 + (5 - -6) + 13
-4
Calculate 0 + 8 + -72 + 90.
26
Evaluate (-5 - (-9 - 8)) + -6.
6
45 - 109 - -84 - (-8 + -1)
29
Evaluate 8 - (-5 + -9) - -14 - 7.
29
What is the value of (17 - 19) + 19 + -4?
13
(9 - (-7 - -12)) + -25 + 1
-20
Evaluate 3 - (1 + -4 + 17 + -1 - 3).
-7
Calculate 14 + -20 - (6 + (-4 - -3)).
-11
-545 + 506 - (1 - 30)
-10
598 + -594 - (-1 - 3)
8
What is 8 + (1 - 2) + (-63 - -62) - -8?
14
What is (0 + -12 + -2 - -8) + (-1 - 7)?
-14
What is the value of 11 + 1